highest common divisor of y and 15.
5
Suppose 5*q - 284 = 4*l, 0 = -2*q - 4*l - 0*l + 136. What is the greatest common divisor of 24 and q?
12
Let c(x) = 5*x**2 + x. Suppose -5*n + 5 = -0*n, 2*m + n + 3 = 0. Let y be c(m). Calculate the greatest common factor of 2 and y.
2
Suppose 2*n - 2 = 4. Suppose 8*s = n*s - 135. Let d be 3882/27 - 6/s. What is the highest common factor of 16 and d?
16
Let z(i) = -i**2 - 13*i - 7. Let y be z(-5). Suppose 0 = 2*x + 2*x. Let f be 2 + 7 + 2 + x. What is the greatest common factor of f and y?
11
Suppose -113 = -r - 4*p, p - 8 = -3*p. Calculate the greatest common factor of 15 and r.
15
Let t = 101 + -9. Calculate the greatest common factor of t and 69.
23
Suppose -5*n + 3*n = -90. Calculate the greatest common factor of n and 360.
45
Suppose -6 = -5*x + 6*x. Let b = x - -2. Let w be (-119)/b - 2/(-8). Calculate the highest common factor of 12 and w.
6
Let v = 187 - 179. Let h(f) = -3*f**3 - 4*f**2 - 4*f - 1. Let j be h(-3). Calculate the highest common divisor of v and j.
8
Suppose 2*j + 21 = 57. What is the greatest common divisor of 12 and j?
6
Suppose -4*k + 9*k - 110 = 0. Let q be (-4)/18 - (-38)/9. Let j be ((-4)/(-6))/(q/12). Calculate the highest common divisor of j and k.
2
Let w(c) = -c**2 + 14*c - 3. Let b be w(7). Let o = 82 - b. Calculate the greatest common factor of o and 12.
12
Let d(y) = y**3 - 4*y**2 + 2*y - 4. Let n be d(4). Calculate the highest common divisor of n and 28.
4
Let x(z) = 2*z**3 - 8*z**2 + 2*z + 4. Let v be (-6)/(3 - (1 - -3)). Let a be x(v). What is the highest common divisor of 20 and a?
20
Let g = 124 + -88. Let k = 12 + -3. Calculate the greatest common factor of k and g.
9
Let u be 43 - ((-3)/1 - -6). Let c = u + -17. Let n = -27 - -142. Calculate the greatest common divisor of n and c.
23
Suppose -2*h + 18 = -2. Suppose 2*q - 2*l = -h, 0 = -4*q + 5*q + 4*l + 25. Let a be (-4)/(-18) - 106/q. What is the highest common divisor of a and 36?
12
Let b(x) = 6*x + 2. Let t be b(2). Let c = t + 8. Calculate the greatest common factor of c and 55.
11
Suppose 4*f = 6*a - 2*a + 300, 5*a - 57 = -f. Calculate the highest common factor of f and 18.
18
Let m be (-2 - -3)/(-1)*-17. Let j = 87 - m. Suppose -8 = -x + 2. Calculate the greatest common factor of j and x.
10
Let k(j) = j**3 - 4*j**2 + 3*j - 6. Let i be k(4). Suppose -2*o - 5*a + 90 = o, 3*o = 5*a + 90. Calculate the greatest common factor of o and i.
6
Suppose 12 = -2*x + 5*x. Suppose 23 - 7 = 4*o. What is the highest common factor of x and o?
4
Suppose -4*l + t = -29, 4*t - t = 3*l - 15. What is the greatest common factor of 64 and l?
8
Let y be (-5 - 0)*18/(-30). Suppose -20 = -8*o + y*o. Suppose -2*u - 22 = 2*k - 58, 68 = o*k + 3*u. What is the highest common divisor of k and 56?
14
Suppose 5*n = -2*k + 43, 3*k + k - 3*n = 99. Suppose -3*d - 2 = 1, -5*f + k = -4*d. Suppose f*g = g + 120. What is the greatest common divisor of 20 and g?
20
Let r = -15 - -11. Let i be (123/(-6) + 2)*r. Suppose 2*p - 62 = -q, 2*p = q - 2*p - i. What is the greatest common divisor of 6 and q?
6
Suppose -4*i + i + 33 = 0. Let z = 32 + -22. Let a = 98 - z. What is the greatest common factor of i and a?
11
Let q(z) = -z**2 - 21*z + 20. Let o be q(-16). Calculate the greatest common divisor of o and 20.
20
Let z = 15 - -16. Suppose 5*w - 191 = -z. What is the greatest common divisor of 64 and w?
32
Suppose -6 = -2*y - 0. Suppose -10 = z - 11. Calculate the greatest common divisor of y and z.
1
Let q(j) = -2*j**3 + 2*j**2 - 1. Let a be q(-2). What is the greatest common divisor of a and 115?
23
Let v be -3 - (-3 - (-10)/(-2)). Suppose 5*j + 0 - v = 0. What is the greatest common divisor of 5 and j?
1
Suppose 0 = 2*b + 5*f - 0*f - 68, 0 = 5*b + f - 216. Calculate the highest common divisor of b and 4.
4
Let k = -21 - -34. What is the highest common divisor of k and 26?
13
Suppose 0 = 2*y + 5*q - 49, -3*y + 3*q - 3 + 87 = 0. Calculate the greatest common factor of y and 108.
27
Let p(j) = 34*j - 1. Let a(l) = -11*l. Let c(i) = 8*a(i) + 3*p(i). Let d be c(6). Calculate the greatest common factor of 9 and d.
9
Let d(f) = 6*f - 3. Let h be d(2). What is the highest common divisor of h and 81?
9
Let d be -7*(4/(-2) + -3). What is the greatest common factor of d and 105?
35
Suppose z = -4*y + 55, -5*z + 28 = -2*y - 203. Let h = 97 - z. Calculate the greatest common divisor of h and 25.
25
Let n be (-6 + 22)*33/4. What is the highest common divisor of 99 and n?
33
Let g be ((-70)/(-40))/((-3)/(-108)). Calculate the greatest common factor of g and 7.
7
Let q = -59 + 75. Calculate the greatest common factor of 16 and q.
16
Let l be -2 + 74/(-6)*-3. Calculate the highest common factor of l and 14.
7
Suppose 2 + 9 = j. Let q = 62 + -40. Calculate the highest common divisor of q and j.
11
Suppose 325 = 4*h + 105. Let y(c) = c + 5. Let s be y(-4). Suppose -4*n = s - 45. Calculate the highest common factor of h and n.
11
Let z = -17 + 47. Let r(u) = -u**2 - 3*u + 13. Let c be r(-5). Suppose 3*v + 30 = c*d, 6*d - 3*d + v - z = 0. What is the highest common divisor of d and 2?
2
Suppose -2*i = m - 3, 0*m - 9 = -4*i - m. What is the greatest common factor of 24 and i?
3
Suppose -q - 56 = -4*m + 74, 4*m = 2*q + 268. Let l = q + 200. Suppose 0 = a + 4*g - 9*g - l, 108 = 2*a - 2*g. Calculate the greatest common factor of 13 and a.
13
Let v(c) = c**2 + 7*c - 6. Let n be v(4). Suppose -o + 4*h - 6 = 0, 0 + 4 = -3*o + 5*h. Suppose n = 2*t + o. What is the highest common divisor of 198 and t?
18
Let r be (-2)/(-11) - (-3496)/253. Calculate the greatest common factor of 98 and r.
14
Let q(s) = -3*s - 16. Let i be q(-6). What is the greatest common divisor of 26 and i?
2
Suppose -4*w = -11 - 1. Suppose w*x - 13 = 2*x. Suppose o - 3*o + 286 = 0. Calculate the highest common divisor of o and x.
13
Let s(y) = -y**2 - 13*y - 24. Let d be s(-10). Suppose 3*i - 21 - 123 = 0. What is the greatest common divisor of i and d?
6
Suppose -7*j + 32 = -108. Calculate the greatest common divisor of j and 100.
20
Let q(b) = 3*b - 7. Let j be q(5). Let w = j + -2. Suppose -5*u - 15 = 4*o, -u - w*o + 5*o - 4 = 0. What is the greatest common factor of 1 and u?
1
Suppose -w - 5*x = -2*x - 1, x - 26 = -4*w. Let i = 1 + 20. Calculate the highest common divisor of w and i.
7
Let z = 23 + -11. Let j(y) = -3*y**2 + y + 60. Let l be j(0). What is the highest common divisor of z and l?
12
Suppose 4*x = 19 + 85. What is the highest common factor of 65 and x?
13
Suppose -p + 234 + 980 = 0. Let o be p/22 - (-4)/(-22). What is the highest common factor of o and 5?
5
Let y(v) be the second derivative of -v**3/3 + 7*v**2/2 - 6*v. Let q be y(0). Calculate the greatest common factor of 77 and q.
7
Let x(k) = 242*k**3 - 3*k + 3. Let a be x(1). Calculate the greatest common factor of a and 22.
22
Let g(y) = y**3 + 4*y**2 + 3*y. Let n be g(-2). Suppose s - n*s + 2 = 0. Calculate the greatest common factor of 10 and s.
2
Let l = 17 - -1. Let d(x) = 3*x**2 + 5*x - 8. Let i be d(-8). Calculate the highest common divisor of i and l.
18
Let o be 63/6*(1 + 1). Let q = 14 + o. What is the highest common factor of q and 7?
7
Suppose 5*d = 3*a - 2*a + 29, 0 = 2*d - 5*a - 30. Suppose -2*y + 15 = 3*t + 4, -2*t - 56 = -d*y. What is the greatest common factor of y and 2?
2
Let g(p) = -20*p**3 + p + 2. Let w be g(-2). Suppose -w = -4*m - 0*m. Let q be 6/(-21) - (-228)/14. Calculate the highest common factor of q and m.
8
Suppose 4*b - 5*p = 35, p - 9 = -b + 2*p. What is the greatest common divisor of 40 and b?
10
Let c be (-325)/(-4) - (-2)/(-8). What is the greatest common divisor of 9 and c?
9
Let c(l) = -3*l**2 + 44*l - 10. Let q be c(14). Calculate the greatest common divisor of 18 and q.
18
Suppose 5*g - 26 = 29. Suppose 11 + g = y. What is the greatest common factor of 11 and y?
11
Let o(t) = t**3 + 7*t**2 + 4*t - 4. Let d be o(-4). Calculate the greatest common factor of 70 and d.
14
Suppose 23 = l - 2*l - w, 0 = -3*w. Let b = -87 - l. Let a = -46 - b. What is the highest common factor of a and 198?
18
Let w be (12/14)/(6/168). What is the highest common factor of 3 and w?
3
Suppose 3*n - 33 = 3*q, -31 = -4*n - q + 3. Suppose 5*g - 44 = 136. Calculate the highest common factor of g and n.
9
Let h = 13 - 7. Let u =